 is the greatest common factor of 5 and 6125435?
5
Calculate the greatest common divisor of 644 and 530012.
644
What is the highest common factor of 90 and 61230?
30
What is the highest common factor of 8 and 50486?
2
What is the highest common divisor of 295773 and 114?
57
Calculate the greatest common factor of 4081814 and 4444.
2222
What is the greatest common factor of 22164 and 24?
12
Calculate the greatest common factor of 443 and 1772.
443
Calculate the greatest common divisor of 1498 and 4922.
214
What is the greatest common divisor of 16 and 55432?
8
Calculate the highest common factor of 513603 and 18.
9
Calculate the highest common factor of 1165395 and 210.
105
What is the greatest common divisor of 31910 and 90?
10
Calculate the greatest common factor of 995 and 30049.
199
What is the highest common divisor of 2839620 and 42?
42
Calculate the highest common divisor of 1933 and 6.
1
Calculate the highest common divisor of 3874 and 104.
26
Calculate the greatest common factor of 14393280 and 1595.
1595
Calculate the greatest common divisor of 24 and 11439.
3
Calculate the greatest common factor of 147 and 10381.
7
What is the greatest common divisor of 64 and 96648?
8
Calculate the highest common divisor of 1045710 and 30.
30
Calculate the greatest common factor of 658 and 15322.
94
Calculate the highest common factor of 25 and 38375.
25
Calculate the highest common divisor of 12160 and 38.
38
Calculate the highest common factor of 2884 and 32.
4
Calculate the greatest common divisor of 58375 and 61177.
467
Calculate the greatest common factor of 840 and 235.
5
Calculate the greatest common divisor of 113735 and 645.
215
Calculate the greatest common divisor of 8844132 and 396.
132
What is the highest common divisor of 49329 and 522?
261
Calculate the highest common factor of 736 and 60904.
184
What is the highest common divisor of 5920 and 288?
32
Calculate the greatest common factor of 62995 and 1075.
215
Calculate the greatest common divisor of 15982 and 4514.
122
Calculate the highest common factor of 187200 and 384.
192
What is the highest common divisor of 243 and 24462?
81
What is the highest common factor of 43400 and 64015?
1085
What is the highest common divisor of 60436 and 3712?
116
What is the greatest common divisor of 35008 and 448?
64
Calculate the highest common factor of 7936 and 31.
31
Calculate the highest common divisor of 45 and 212805.
45
What is the highest common divisor of 40 and 5612230?
10
What is the highest common divisor of 3230 and 608?
38
What is the greatest common factor of 192 and 489408?
192
What is the greatest common factor of 110 and 553300?
110
Calculate the greatest common divisor of 2905 and 875.
35
Calculate the greatest common divisor of 2316 and 33.
3
What is the greatest common factor of 1315743 and 2145?
429
What is the highest common divisor of 5719 and 34271?
43
Calculate the highest common divisor of 275540 and 460.
460
What is the greatest common divisor of 288 and 23193?
9
What is the highest common divisor of 637 and 23282?
7
What is the greatest common divisor of 22385 and 185?
185
Calculate the greatest common divisor of 3363 and 43890.
57
What is the highest common factor of 655 and 4192?
131
What is the greatest common divisor of 8320 and 1484080?
1040
Calculate the greatest common factor of 1295 and 5698.
259
Calculate the greatest common factor of 528 and 1133616.
528
Calculate the highest common divisor of 18640 and 8780.
20
What is the highest common divisor of 1376 and 3104?
32
Calculate the highest common factor of 4840 and 16104.
88
What is the highest common divisor of 70 and 44205?
35
Calculate the highest common divisor of 110451 and 33.
33
Calculate the greatest common factor of 1630267 and 181.
181
Calculate the greatest common factor of 692640 and 3380.
260
What is the highest common divisor of 153710 and 190?
190
Calculate the highest common factor of 1298902 and 391.
391
Calculate the greatest common divisor of 51 and 4063.
17
What is the greatest common divisor of 4529906 and 62?
62
Calculate the highest common factor of 361 and 1453747.
361
Calculate the highest common divisor of 32913 and 101124.
477
What is the highest common factor of 4394 and 494?
26
What is the greatest common factor of 5 and 49963?
1
Calculate the greatest common factor of 216 and 3260.
4
What is the highest common divisor of 297 and 1183677?
33
Calculate the highest common factor of 122 and 28.
2
Calculate the greatest common factor of 714 and 96.
6
Calculate the highest common divisor of 14020 and 260.
20
Calculate the greatest common divisor of 23288 and 40.
8
What is the greatest common divisor of 61875 and 297?
99
Calculate the highest common divisor of 105073 and 358.
179
What is the highest common divisor of 8384 and 917?
131
What is the highest common divisor of 18213 and 312?
39
What is the highest common divisor of 219 and 57524?
73
What is the highest common factor of 180 and 153108?
36
What is the highest common factor of 390 and 44226?
78
Calculate the highest common factor of 967829 and 237.
79
Calculate the highest common divisor of 285 and 13281.
57
What is the highest common factor of 1670 and 1102868?
334
What is the highest common factor of 2 and 51434?
2
What is the highest common divisor of 1909971 and 18?
9
Calculate the greatest common divisor of 160 and 58260.
20
Calculate the greatest common divisor of 1496 and 374.
374
Calculate the highest common divisor of 3452 and 1824.
4
What is the greatest common divisor of 544 and 34?
34
Calculate the highest common factor of 615 and 171831.
123
Calculate the highest common factor of 73786 and 8611.
79
What is the greatest common divisor of 730180 and 165?
55
What is the highest common divisor of 45000 and 342?
18
Calculate the highest common divisor of 7511 and 31598.
259
Calculate the greatest common factor of 27270 and 9000.
90
Calculate the greatest common factor of 357 and 71673.
21
What is the highest common divisor of 106168 and 184?
184
Calculate the greatest common divisor of 14744 and 4028.
76
What is the greatest common factor of 63248 and 177?
59
Calculate the greatest common divisor of 1728 and 1351008.
288
What is the highest common factor of 570 and 130965?
15
What is the greatest common divisor of 3498 and 20352?
318
What is the highest common divisor of 144 and 322398?
18
What is the greatest common divisor of 12 and 15729?
3
What is the highest common factor of 360580 and 40?
20
Calculate the highest common divisor of 1301960 and 484.
484
Calculate the greatest common divisor of 464853 and 1173.
69
What is the highest common factor of 69459 and 5069?
137
What is the greatest common divisor of 1768 and 84269?
17
What is the highest common factor of 17 and 1104932?
17
Calculate the highest common divisor of 14 and 199395.
7
Calculate the highest common factor of 26 and 16861.
13
What is the greatest common divisor of 292936 and 42?
14
What is the greatest common factor of 242208 and 384?
96
Calculate the greatest common divisor of 19 and 77178.
19
Calculate the highest common divisor of 228 and 10203.
57
What is the greatest common factor of 3783 and 351?
39
What is the greatest common factor of 248 and 1116?
124
What is the highest common factor of 160 and 51230?
10
Calculate the greatest common factor of 52712 and 5500.
44
What is the greatest common divisor of 67360 and 49120?
160
What is the highest common factor of 428129 and 39?
13
Calculate the greatest common divisor of 1356 and 9379.
113
Calculate the greatest common divisor of 270 and 4800.
30
What is the greatest common factor of 8797 and 2147?
19
What is the greatest common divisor of 2770071 and 183?
183
What is the highest common factor of 516 and 15308?
172
What is the greatest common divisor of 140 and 35630?
70
What is the highest common factor of 386 and 886?
2
Calculate the highest common divisor of 320 and 1107520.
320
What is the highest common divisor of 18 and 10272?
6
Calculate the greatest common factor of 207 and 361284.
69
Calculate the greatest common divisor of 4738 and 6592.
206
Calculate the greatest common divisor of 56 and 779520.
56
Calculate the highest common factor of 154 and 51674.
14
What is the highest common d